{"id":2,"date":"2015-05-29T22:43:47","date_gmt":"2015-05-29T21:43:47","guid":{"rendered":"http:\/\/www.sarlbml.fr\/sarllmrt\/?page_id=2"},"modified":"2020-04-27T19:08:12","modified_gmt":"2020-04-27T18:08:12","slug":"page-d-exemple","status":"publish","type":"page","link":"https:\/\/www.maconnerie-letourneau.fr\/?page_id=2","title":{"rendered":"Contact"},"content":{"rendered":"<p style=\"text-align: center;\"><img loading=\"lazy\" decoding=\"async\" class=\"aligncenter wp-image-128\" src=\"https:\/\/www.maconnerie-letourneau.fr\/wp-content\/uploads\/2015\/09\/lmrt_home_lite.png\" alt=\"\" width=\"600\" height=\"297\" srcset=\"https:\/\/www.maconnerie-letourneau.fr\/wp-content\/uploads\/2015\/09\/lmrt_home_lite.png 1000w, https:\/\/www.maconnerie-letourneau.fr\/wp-content\/uploads\/2015\/09\/lmrt_home_lite-300x149.png 300w\" sizes=\"auto, (max-width: 600px) 100vw, 600px\" \/><\/p>\n<p style=\"text-align: center;\">SARL Letourneau Ma\u00e7onnerie R\u00e9novation Terrassement<\/p>\n<p style=\"text-align: center;\">3, rue de l&rsquo;artisanat<\/p>\n<p style=\"text-align: center;\">ZA de Ribotte &#8211; Saint Florent le Vieil<\/p>\n<p style=\"text-align: center;\">49410 Mauges sur Loire<\/p>\n<p style=\"text-align: center;\">&#8211; T\u00e9l\u00e9phone : 02.41.72.74.03<br \/>\n&#8211; T\u00e9l\u00e9copie : 09.67.86.74.03<\/p>\n<p style=\"text-align: center;\">Email : <a href=\"mailto:lmrtguillaume@gmail.com\">lmrtguillaume@gmail.com<\/a><\/p>\n<p style=\"text-align: center;\">Voici un plan d&rsquo;acc\u00e8s \u00e0 nos locaux :<\/p>\n<p style=\"text-align: center;\"><iframe loading=\"lazy\" style=\"border: 0;\" src=\"https:\/\/www.google.com\/maps\/embed?pb=!1m18!1m12!1m3!1d2702.9257680820538!2d-1.0191055841346495!3d47.35484721332774!2m3!1f0!2f0!3f0!3m2!1i1024!2i768!4f13.1!3m3!1m2!1s0x480618daf699ef5f%3A0xb7e72d05302bb54!2sSARL+LMRT!5e0!3m2!1sfr!2sfr!4v1553007884732\" width=\"600\" height=\"450\" frameborder=\"0\" allowfullscreen=\"allowfullscreen\"><\/iframe><\/p>\n<p style=\"text-align: center;\">Horaires de bureau :<\/p>\n<p style=\"text-align: center;\">Lundi<br \/>\n10h00 \u00e0 12h15 et de 17h15 \u00e0 19h00<\/p>\n<p style=\"text-align: center;\">Mardi, mercredi, jeudi et vendredi<br \/>\n9h00 \u00e0 12h15 et de 17h15 \u00e0 19h00<\/p>\n<p style=\"text-align: center;\">\n","protected":false},"excerpt":{"rendered":"<p>SARL Letourneau Ma\u00e7onnerie R\u00e9novation Terrassement 3, rue de l&rsquo;artisanat ZA de Ribotte &#8211; Saint Florent le Vieil 49410 Mauges sur Loire &#8211; T\u00e9l\u00e9phone : 02.41.72.74.03 &#8211; T\u00e9l\u00e9copie : 09.67.86.74.03 Email : lmrtguillaume@gmail.com Voici un plan d&rsquo;acc\u00e8s \u00e0 nos locaux : Horaires de bureau : Lundi 10h00 \u00e0 12h15 et de 17h15 \u00e0 19h00 Mardi, mercredi, <a href=\"https:\/\/www.maconnerie-letourneau.fr\/?page_id=2\" rel=\"nofollow\"><span class=\"sr-only\">En savoir plus surContact<\/span>[&hellip;]<\/a><\/p>\n","protected":false},"author":1,"featured_media":0,"parent":0,"menu_order":4,"comment_status":"closed","ping_status":"open","template":"","meta":{"footnotes":""},"class_list":["post-2","page","type-page","status-publish","hentry"],"_links":{"self":[{"href":"https:\/\/www.maconnerie-letourneau.fr\/index.php?rest_route=\/wp\/v2\/pages\/2","targetHints":{"allow":["GET"]}}],"collection":[{"href":"https:\/\/www.maconnerie-letourneau.fr\/index.php?rest_route=\/wp\/v2\/pages"}],"about":[{"href":"https:\/\/www.maconnerie-letourneau.fr\/index.php?rest_route=\/wp\/v2\/types\/page"}],"author":[{"embeddable":true,"href":"https:\/\/www.maconnerie-letourneau.fr\/index.php?rest_route=\/wp\/v2\/users\/1"}],"replies":[{"embeddable":true,"href":"https:\/\/www.maconnerie-letourneau.fr\/index.php?rest_route=%2Fwp%2Fv2%2Fcomments&post=2"}],"version-history":[{"count":13,"href":"https:\/\/www.maconnerie-letourneau.fr\/index.php?rest_route=\/wp\/v2\/pages\/2\/revisions"}],"predecessor-version":[{"id":458,"href":"https:\/\/www.maconnerie-letourneau.fr\/index.php?rest_route=\/wp\/v2\/pages\/2\/revisions\/458"}],"wp:attachment":[{"href":"https:\/\/www.maconnerie-letourneau.fr\/index.php?rest_route=%2Fwp%2Fv2%2Fmedia&parent=2"}],"curies":[{"name":"wp","href":"https:\/\/api.w.org\/{rel}","templated":true}]}}